7
Let f = -5 + 7. Suppose 0 = -f*r + 31 + 3. List the prime factors of r.
17
Let v(n) = n. Let d be v(4). Suppose 4*r = 7 + 5. Suppose -5*o + 40 = 4*s + 13, d*o - 3 = r*s. List the prime factors of s.
3
Let g = -16 - -7. Let x = 5 - g. List the prime factors of x.
2, 7
Let r be ((-3)/6)/((-1)/58). Let y = 51 - r. List the prime factors of y.
2, 11
Let x(r) = 5*r**2 + 14*r + 19. What are the prime factors of x(-8)?
227
Suppose -2*z - v + 3 = 2*v, 2*v = 10. Let t = 19 + z. List the prime factors of t.
13
Let z be 763/28 - (-2)/(-8). Suppose j + 10 = z. List the prime factors of j.
17
Suppose -657 = -2*i - i. What are the prime factors of i?
3, 73
Suppose 0 = 4*l + 3*b - 4, -16 = -4*l + 2*l + 2*b. Let y = 8 - 6. Suppose l*z - 4*d - 60 = 0, 2*d = -y*z - 1 + 19. List the prime factors of z.
2, 3
Let a = -4 + 2. Let z = 6 - a. List the prime factors of z.
2
Suppose 0 = -8*b - 7*b + 2250. List the prime factors of b.
2, 3, 5
Let n = -4 + 8. Let i(j) = j**3 - 4*j**2 + 2*j + 5. What are the prime factors of i(n)?
13
Suppose 26 = 2*i - 7*s + 3*s, i + 2 = -s. Suppose 2*x + i - 7 = 0. Suppose 2*f + f = x*v + 20, 35 = 3*f + v. List the prime factors of f.
2, 5
Let m be (-4)/(-26) + 44/52. Suppose 0*z + 2*z - 11 = -f, -12 = -4*f. Let q = z - m. What are the prime factors of q?
3
Let s(u) = -u + 5. Let o(c) = c - 5. Let k(b) = -3*o(b) - 2*s(b). Let z be k(3). Suppose 0*r + z*r = 18. List the prime factors of r.
3
Suppose -q = 2*q - 2*c - 36, 0 = -2*c + 6. List the prime factors of q.
2, 7
Let v(n) = -n**3 + 5*n**2 - n + 5. Let c be v(5). Suppose -d + 8 - 59 = -4*x, d - 1 = c. List the prime factors of x.
13
Let z be 1 + 2 + (0 - 0). Let s(l) = -2*l - 7. Let a be s(-6). Suppose -3*d = a*u - 57, 8*u - z*u = 2*d - 13. What are the prime factors of d?
2, 7
Let q = -1 - -24. What are the prime factors of q?
23
Suppose k - 11 - 15 = x, -k + 2*x + 24 = 0. What are the prime factors of k?
2, 7
Let z be (-70)/(-9) + (-2)/(-9). Let s = z - 3. Suppose -4*d - 4*m + 13 = -5*m, -3*d = 4*m - s. What are the prime factors of d?
3
Let p be ((-54)/4)/((-6)/12). Let y = p + 1. List the prime factors of y.
2, 7
Let g(x) = x**3 - 3*x**2 + 3*x. Let r be g(2). Let f(i) = i**3 + 2*i**2 - 4*i + 3. What are the prime factors of f(r)?
11
Let x(b) = -7*b - 2. List the prime factors of x(-4).
2, 13
What are the prime factors of 16/88 - 304/(-22)?
2, 7
Let r = 34 + -30. Suppose 2*m - s - 3 = 0, r*s - 4 = m - 2. What are the prime factors of m?
2
List the prime factors of 3018/22 - (-4)/154*-7.
137
Let u(v) = v**2 + 5. List the prime factors of u(-4).
3, 7
Let v(x) = -9*x - 9. What are the prime factors of v(-13)?
2, 3
Suppose -3*c - 18 = -0*c. Suppose -6*u = -2*u + 36. List the prime factors of (-30)/u*c/(-4).
5
Let c = 21 - -7. Let b = c + -8. Suppose -15 = -x + 2*r, 4*r + b = -0. What are the prime factors of x?
5
Let u = -8 + 12. Suppose -u*q + 8 = -0*q. Suppose -10 = -q*p, -5*z = 3*p - 58 - 2. What are the prime factors of z?
3
Let u be (-586)/7 - (-6)/(-21). Let v be (u/(-2) - 2) + 0. Suppose v = 5*d + 5. List the prime factors of d.
7
Let j = -9 - -16. What are the prime factors of (-10)/(-35) + 47/j?
7
Suppose -8*o = -3*o - 15. Suppose t = 2*t - 2, 47 = o*j - 5*t. List the prime factors of j.
19
Let n(x) be the third derivative of x**5/60 + x**4/12 + 2*x**2. List the prime factors of n(-3).
3
Let d(u) = -u**2 - 9*u + 1. Suppose -2 = -a, -2 = 2*f + 5*a + 2. List the prime factors of d(f).
3, 5
Let m = -2 + 12. Let o = m + 1. What are the prime factors of 2/o + 282/22?
13
Suppose 2*t - 5*c - 489 = 0, 5*t + 2*c + c = 1300. List the prime factors of t.
257
Let t(u) = 12*u. Let d be t(1). Suppose 3*y + n - d = 0, -7*n + 21 = 2*y - 2*n. What are the prime factors of y?
3
Let x be (-10)/(-5)*(-1 - -2). Suppose -4*t = -x*t - 72. What are the prime factors of t?
2, 3
Let j(t) = 2*t - 3. Let i = 35 + -19. Let d be 60/i + 1/4. What are the prime factors of j(d)?
5
Suppose 5*c - 6*c - 45 = 0. List the prime factors of (-1180)/c - (-4)/(-18).
2, 13
Let l be 3/(2*9/12). List the prime factors of 7 + (-2)/l*1.
2, 3
Suppose 136 = 2*h + 2*n - 3*n, -3*n = 0. What are the prime factors of h?
2, 17
Suppose -232 = -4*x - b, -5*b = 5*x - 0*x - 290. What are the prime factors of x?
2, 29
Suppose 0 = 3*w - d - 77, -3*w - d = w - 112. List the prime factors of w.
3
Suppose 2*m = 1 + 9. Suppose 4*y = m*z + 23, 5*y - 11 - 5 = 2*z. Suppose -y*n + 5 = -9. What are the prime factors of n?
7
Suppose 2*i + i - 9 = 0. What are the prime factors of -1*(i + -1 + -7)?
5
Suppose 0 = -5*s + 865 - 85. List the prime factors of s.
2, 3, 13
Suppose -3 - 5 = -2*a. What are the prime factors of (-121 + a)*(-2)/6?
3, 13
Suppose -2*s + 0 + 80 = 0. Let f = s + -24. What are the prime factors of f?
2
Let c = 82 + -47. What are the prime factors of c?
5, 7
Let u(z) = z**3 - 5*z**2 + 3. Let y be u(5). Suppose 9*r = -4*d + 4*r + 20, 5*d - 62 = y*r. What are the prime factors of d?
2, 5
Suppose -4*r - 5*y = -2 - 17, 4*y + 22 = 3*r. What are the prime factors of ((-10)/r)/(8/(-120))?
5
Suppose 10 = -3*h - 2*h. Let q(r) = -8*r + 2. Let d be q(h). Suppose -32 = -5*k + d. What are the prime factors of k?
2, 5
Let z = -2 + 2. Suppose 5*d + 3*x - 40 = z, -x = -d + 2*x + 8. List the prime factors of d.
2
List the prime factors of (-1533)/(-15) + 4/5.
103
Let k = 7 + -2. List the prime factors of k.
5
Let m(k) = k**3 - 7*k**2 + k - 5. Let y be m(7). Suppose y*b - 2 = 2. Suppose 5*l + 3*p + 4 = 11, b*l - p = 5. What are the prime factors of l?
2
Let o(s) be the second derivative of s**3/3 + s**2/2 - 3*s. Let n be o(3). Suppose -l + n + 2 = 0. List the prime factors of l.
3
Let u(h) = h**2 + 2*h - 2. What are the prime factors of u(-5)?
13
Let r = 3 + 13. List the prime factors of r.
2
Suppose 5*p + 3*b - 215 = 0, b + 143 = 4*p - p. What are the prime factors of p?
2, 23
Let p(s) = 2*s**3 + 5*s**2 - 4*s + 1. What are the prime factors of p(-3)?
2
Let y = -3 + 3. Suppose 2*t - 4*f - 4 = y, -2*t = t - 2*f - 6. List the prime factors of t.
2
Let l be ((-9)/(-6))/(2/(-4)). Let j = 0 + l. Let b(i) = -3*i + 1. What are the prime factors of b(j)?
2, 5
Suppose -4*o + m - 26 = 0, o + m + 16 = -2*o. List the prime factors of (-12)/o*1*8.
2
Let z = 183 + -109. Suppose z = 5*o + 24. List the prime factors of o.
2, 5
Let m(l) = -l**3 - 9*l**2 - l - 9. Let r be m(-9). Suppose 0 = -r*u + 4*u + 5*f - 26, 18 = 3*u + 3*f. What are the prime factors of u?
2
Let l be ((-12)/15)/((-6)/15). Suppose -2*j + 15 = 3*f, -3*f + 10 + l = 3*j. List the prime factors of f.
7
Let s = 450 - 306. Suppose y + s = 4*x, 2*x - 4*y + 72 = 4*x. List the prime factors of x.
2, 3
Let a be (-1)/2*-62 - 2. Let g = a - 13. What are the prime factors of g?
2
Let o = -35 - -53. What are the prime factors of o?
2, 3
Suppose 5*k + 4 = 44. Let a = k + 0. List the prime factors of a.
2
Suppose 4*r = 3*r - 4. Let p be 2/3 + r/6. Let a(v) = -v + 5. What are the prime factors of a(p)?
5
Suppose 0*a - 3*a = 27. Let t = -4 - 0. Let i = t - a. What are the prime factors of i?
5
Suppose -2*n - 13 = a - 157, 4*n - a - 276 = 0. What are the prime factors of n?
2, 5, 7
Suppose 168 = -w + 3*w. List the prime factors of w.
2, 3, 7
Let n(q) = -21*q - 42. What are the prime factors of n(-7)?
3, 5, 7
Let u(a) = a**2 - 4*a - 3. Let j = -12 - -7. List the prime factors of u(j).
2, 3, 7
Suppose 11 + 4 = 5*d, 3*n - d - 177 = 0. What are the prime factors of n?
2, 3, 5
Let n(r) = -r + 9. Let f be n(0). Let w(m) = -3*m**2 - 11*m + 12. Let t(v) = -4*v**2 - 11*v + 13. Let h(i) = 4*t(i) - 5*w(i). List the prime factors of h(f).
2, 5
Let l be (3/2)/(3/18). Suppose n - 7 = -5*y, 3*y = 2*n + l + 3. List the prime factors of (40/(-12))/(y/(-3)).
5
Suppose -3*h + 20 = h. Suppose 0*d + 5*q - 60 = -h*d, q = 2*d - 24. What are the prime factors of d?
2, 3
Let a be (-2)/(2 - 4)*-3. Let m(p) = 4*p**2 - 2*p**2 + 1 + 107*p - 105*p. What are the prime factors of m(a)?
13
Let b(s) be the third derivative of s**6/120 - s**5/12 - s**4/6 - s**3/3 - 7*s**2. List the prime factors of b(6).
2, 5
Suppose -6 + 32 = 2*b + 4*c, 5*b = c + 87. List the prime factors of b.
17
List the prime factors of 11/2 - (-21)/(-14).
2
Let l(d) = d**3 + d**2 + d - 4. Suppose m + 5*z - 25 = 0, 5*m + 3 = 3*z - 12. Let y be l(m). List the prime factor